ds digit of 26743451?
3
What is the thousands digit of 108817?
8
What is the thousands digit of 3720011?
0
What is the hundred thousands digit of 185046?
1
What is the hundred thousands digit of 546453?
5
What is the units digit of 519095?
5
What is the ten thousands digit of 768701?
6
What is the thousands digit of 160288?
0
What is the thousands digit of 1196127?
6
What is the tens digit of 937497?
9
What is the thousands digit of 1090164?
0
What is the hundreds digit of 198771?
7
What is the hundreds digit of 45419?
4
What is the tens digit of 97065?
6
What is the thousands digit of 1000639?
0
What is the hundred thousands digit of 641567?
6
What is the hundreds digit of 1285959?
9
What is the ten thousands digit of 454817?
5
What is the units digit of 250911?
1
What is the hundreds digit of 12384100?
1
What is the thousands digit of 519574?
9
What is the hundreds digit of 1327468?
4
What is the units digit of 12788320?
0
What is the thousands digit of 901429?
1
What is the ten thousands digit of 850648?
5
What is the hundreds digit of 31266107?
1
What is the millions digit of 1837220?
1
What is the hundreds digit of 270412?
4
What is the hundred thousands digit of 4167208?
1
What is the hundred thousands digit of 11419492?
4
What is the ten millions digit of 24180559?
2
What is the ten thousands digit of 7275620?
7
What is the tens digit of 302740?
4
What is the hundred thousands digit of 208925?
2
What is the tens digit of 1625498?
9
What is the ten millions digit of 11083908?
1
What is the ten thousands digit of 1777700?
7
What is the units digit of 300771?
1
What is the thousands digit of 407005?
7
What is the units digit of 441391?
1
What is the hundred thousands digit of 1641490?
6
What is the hundred thousands digit of 2993859?
9
What is the units digit of 6492?
2
What is the tens digit of 87284?
8
What is the units digit of 3418260?
0
What is the units digit of 564385?
5
What is the ten millions digit of 22759374?
2
What is the thousands digit of 4107900?
7
What is the hundreds digit of 4887456?
4
What is the units digit of 177981?
1
What is the units digit of 2371989?
9
What is the tens digit of 1085186?
8
What is the hundreds digit of 4935153?
1
What is the ten thousands digit of 290041?
9
What is the thousands digit of 858430?
8
What is the millions digit of 1299787?
1
What is the units digit of 756100?
0
What is the ten thousands digit of 163416?
6
What is the hundred thousands digit of 246674?
2
What is the tens digit of 1453839?
3
What is the ten thousands digit of 2049151?
4
What is the thousands digit of 15275246?
5
What is the hundred thousands digit of 242736?
2
What is the thousands digit of 162685?
2
What is the thousands digit of 474907?
4
What is the ten thousands digit of 616903?
1
What is the tens digit of 2497783?
8
What is the thousands digit of 534507?
4
What is the tens digit of 125663?
6
What is the thousands digit of 222621?
2
What is the tens digit of 9431884?
8
What is the hundreds digit of 109057?
0
What is the thousands digit of 4768667?
8
What is the hundreds digit of 202951?
9
What is the units digit of 1442401?
1
What is the ten thousands digit of 893827?
9
What is the ten thousands digit of 197799?
9
What is the ten thousands digit of 113686?
1
What is the hundreds digit of 8327069?
0
What is the ten thousands digit of 732395?
3
What is the thousands digit of 707743?
7
What is the tens digit of 7038262?
6
What is the millions digit of 11343547?
1
What is the hundred thousands digit of 2750475?
7
What is the hundred thousands digit of 3986876?
9
What is the hundred thousands digit of 159765?
1
What is the millions digit of 3528459?
3
What is the thousands digit of 4772400?
2
What is the ten thousands digit of 7149925?
4
What is the thousands digit of 4524281?
4
What is the hundreds digit of 31894217?
2
What is the units digit of 237902?
2
What is the thousands digit of 831783?
1
What is the hundreds digit of 2571983?
9
What is the thousands digit of 410961?
0
What is the hundreds digit of 12196?
1
What is the millions digit of 1306485?
1
What is the thousands digit of 2957214?
7
What is the ten thousands digit of 259674?
5
What is the hundred thousands digit of 19049942?
0
What is the ten thousands digit of 1330775?
3
What is the hundred thousands digit of 2116706?
1
What is the hundreds digit of 214562?
5
What is the hundred thousands digit of 715830?
7
What is the units digit of 47676?
6
What is the tens digit of 1311097?
9
What is the hundreds digit of 1071150?
1
What is the units digit of 9084479?
9
What is the tens digit of 1261634?
3
What is the tens digit of 12596816?
1
What is the units digit of 2824873?
3
What is the hundreds digit of 16659758?
7
What is the units digit of 676040?
0
What is the hundreds digit of 3153000?
0
What is the hundreds digit of 2354402?
4
What is the hundred thousands digit of 965496?
9
What is the hundreds digit of 152704?
7
What is the units digit of 129561?
1
What is the hundreds digit of 309980?
9
What is the ten thousands digit of 185629?
8
What is the tens digit of 726455?
5
What is the tens digit of 530374?
7
What is the units digit of 19680763?
3
What is the units digit of 1544645?
5
What is the ten thousands digit of 1649761?
4
What is the hundreds digit of 13995755?
7
What is the thousands digit of 132725?
2
What is the units digit of 75338?
8
What is the tens digit of 3975767?
6
What is the tens digit of 569573?
7
What is the hundreds digit of 2483134?
1
What is the ten millions digit of 14776501?
1
What is the thousands digit of 1139926?
9
What is the ten thousands digit of 4712385?
1
What is the ten thousands digit of 1434956?
3
What is the thousands digit of 125675?
5
What is the tens digit of 10529723?
2
What is the tens digit of 3743?
4
What is the thousands digit of 657488?
7
What is the ten thousands digit of 38484?
3
What is the ten thousands digit of 1166395?
6
What is the hundreds digit of 310738?
7
What is the tens digit of 8297492?
9
What is the hundreds digit of 518979?
9
What is the thousands digit of 603410?
3
What is the ten millions digit of 12850258?
1
What is the hundred thousands digit of 3871983?
8
What is the hundreds digit of 16420?
4
What is the tens digit of 557391?
9
What is the ten thousands digit of 465848?
6
What is the units digit of 9704529?
9
What is the thousands digit of 974874?
4
What is the millions digit of 1180412?
1
What is the hundreds digit of 596368?
3
What is the hundred thousands digit of 31928866?
9
What is the thousands digit of 7011903?
1
What is the ten thousands digit of 3328168?
2
What is the ten thousands digit of 724426?
2
What is the thousands digit of 553036?
3
What is the thousands digit of 4381752?
1
What is the hundred thousands digit of 3008654?
0
What is the hundred thousands digit of 1638487?
6
What is the thousands digit of 283109?
3
What is the tens digit of 824979?
7
What is the hundred thousands digit of 436391?
4
What is the hundreds digit of 5503454?
4
What is the hundreds digit of 23156084?
0
What is the units digit of 30467?
7
What is the thousands digit of 7145809?
5
What is the tens digit of 309146?
4
What is the millions digit of 3717211?
3
What is the ten thousands digit of 4637086?
3
What is the hundred thousands digit of 1060732?
0
What is the units digit of 392897?
7
What is the hundred thousands digit of 5004682?
0
What is the hundred thousands digit of 665157?
6
What is the millions digit of 12644671?
2
What is the hundred thousands digit of 167000?
1
What is the tens digit of 1220585?
8
What is the tens digit of 1136427?
2
What is the hundreds digit of 2171210?
2
What is the ten thousands digit of 2130582?
3
What is the tens digit of 544850?
5
What is the millions digit of 9157641?
9
What is the units digit of 1588116?
6
What is the tens digit of 259977?
7
What is the tens digit of 101935?
3
What is the units digit of 825584?
4
What is the ten thousands digit of 237514?
3
What is the thousands digit of 2199657?
9
What is the units digit of 25846214?
4
What is the tens digit of 713858?
5
What is the tens digit of 370023?
2
What is the tens digit of 335183?
8
What is the thousands digit of 26434490?
4
What is the hundred thousands digit of 188763?
1
What is the hundred thousands d